- w**2 - w - 1. What is s(2)?
-11
Let u(q) = q**3 - 4*q**2 + 2*q - 4. Let t(n) = -n + 11. Let b be t(8). Calculate u(b).
-7
Let m(b) = -b**3 - 7*b**2 - b - 9. Suppose 34 + 8 = -6*v. What is m(v)?
-2
Let k(t) = t**3 - 6*t**2 + 12*t - 1. Let v(o) = o**3 - 6*o**2 + 13*o. Let u(c) = -6*k(c) + 5*v(c). Calculate u(5).
-4
Suppose 4*o - 2*p - 50 = 0, 4*o + p + p = 46. Suppose -3*c = -5*c + o. Let g(t) = t**3 - 5*t**2 - 9*t + 7. Calculate g(c).
-11
Let l(h) = h**2 - 7*h + 6. Let w(s) = -s**3 + 13*s**2 - 12*s - 17. Let o be w(12). Let i = 23 + o. Give l(i).
0
Let l(r) = r**2 + r - 5. Let j be 2/3 + (-480)/(-36). Let u = j - 18. Calculate l(u).
7
Let s(y) = -y**2 - 6*y + 11. Let u be s(-8). Let v(i) = -i**2 - 7*i - 7. Determine v(u).
3
Let x(n) be the third derivative of n**5/30 - 5*n**4/24 + 4*n**3/3 - 3*n**2. Let i(c) = 3*c**2 - 9*c + 15. Let z(y) = 3*i(y) - 5*x(y). Determine z(-4).
-3
Let a(o) = -o**3 - 8*o**2 - o - 5. Let i be a(-8). Suppose m + i = -0. Let n(c) = 2*c**3 + 3*c**2 - 4*c - 3. Determine n(m).
-18
Let f(z) be the third derivative of -z**6/120 - z**5/12 + z**4/12 - z**3/6 + 9*z**2. Determine f(-5).
-11
Suppose 2*u - 4 = v, 2*v + 16 = -2*v + 4*u. Let d(t) = t**3 + 5*t**2 + 5*t - 4. Calculate d(v).
-8
Let g(d) = -d**3 + 11*d**2 + 12*d + 5. Let r be g(12). Let x(h) be the first derivative of -h**3/3 + 5*h**2/2 - 5*h + 5. Calculate x(r).
-5
Let g(k) = -k - 3. Suppose -z + 27 = 2*z. Let t(n) = 5*n + 12. Let f(w) = z*g(w) + 2*t(w). Give f(6).
3
Let t(v) = 2*v - 1. Let w be t(1). Let b(q) = -w - 2*q + 6*q**2 + q - q**3 - 3*q**2. What is b(3)?
-4
Let h(w) = 4*w**2 + 2*w + 1. Let p(d) = d**3 - 6*d**2 + 5*d - 1. Let c be p(5). What is h(c)?
3
Let j(p) = p**2 + 7*p - 3. Let o be j(-8). Let t(z) be the third derivative of -z**2 + 0 - 1/4*z**4 + 1/120*z**6 - 5/6*z**3 + 0*z + 1/15*z**o. Give t(-5).
0
Let o(q) = -q. Let w(k) = -4*k - 6. Let s = 4 + -1. Let r(b) = s*o(b) - w(b). Give r(0).
6
Let x(u) = u**3 - u - 2. Let a be x(2). Let m(d) = d**3 - 3*d**2 - 5*d + 6. Give m(a).
2
Let f(s) be the second derivative of s**5/20 + 5*s**4/12 - 4*s**3/3 - 4*s**2 + 7*s. Calculate f(-6).
4
Let k be (1 - (0 + 1))/(-1). Suppose -27*m + 24*m + 3 = 0. Let i(l) = k*l - m + l + 2. Calculate i(0).
1
Let k(d) be the second derivative of 1/2*d**2 - 1/12*d**4 + 2*d + 0 - 1/2*d**3. What is k(-4)?
-3
Let f(x) = -x**3 - 6*x**2 + 7*x + 2. Let p be f(-7). Suppose -5*h - 17 = -t - 5, t = -p*h - 2. Suppose 0 = t*b - 0 + 4. Let d(s) = -2*s + 1. Give d(b).
5
Let q(f) = 2*f**2 - 3*f - 4. Let o = 8 - 1. Suppose 9 = -4*h + o*h. Determine q(h).
5
Suppose -o = -0*o - 2. Suppose -o*j + y + 7 = j, -j - 4*y = -24. Let x(t) = -6 - 2*t + 3 + j. Determine x(-1).
3
Let v(c) = 8*c - 4*c - 2*c + 3. Determine v(4).
11
Let y(c) = c**3 - 4*c**2 - 3*c - 5. Suppose -z + 15 = -4*z. Let j(w) = w**3 + 7*w**2 + 7*w + 1. Let m be j(z). Let g = m + -11. Determine y(g).
5
Suppose -28 = -6*y + 10*y. Let q(m) = 7*m**3 - 21*m**2 + 12*m - 19. Let k(b) = 3*b**3 - 10*b**2 + 6*b - 9. Let s(h) = 9*k(h) - 4*q(h). Determine s(y).
2
Let v = 19 - 17. Let s(c) = v*c - 3 - 3*c - 5*c + 5*c. Determine s(4).
-7
Suppose -1 = u + w, 2*u + 5*w + 13 = -1. Let m(a) be the second derivative of -a**3/6 + 3*a**2/2 + 2*a. Determine m(u).
0
Let o(i) = 5*i + 6*i**2 - 16 + 11 - i**3 - 3*i**2. What is o(4)?
-1
Let j(y) = y + 9. Let d be -12 + 14 - (1 - -29). Let t be d/(-7)*1/(-1). Calculate j(t).
5
Let q(v) = -v**2 - 9*v - 14. Let c be q(-2). Let d(a) = a**3 + a**2 - a - 5. Determine d(c).
-5
Suppose -7 = -0*q + q. Let v = q - -10. Let h(p) = -p**2 + p + 2. Give h(v).
-4
Let q(h) be the first derivative of -h**2 - 3*h + 13. Determine q(6).
-15
Let h(b) = -3*b + 1. Let o be 0 + (-4)/2 + 3. Suppose -2 + o = -r. What is h(r)?
-2
Let r(o) = -2 - o**3 + 3 - 2*o**2 + o**2 + o. Let p be r(-2). Let u(a) = 2 - p + 5 + 8*a - 3. Give u(1).
9
Let w(o) = -9*o + 4*o**3 + 3 - 3 - o**2 + 10*o. Calculate w(1).
4
Let a(i) = -2*i**2 - i + 1. Suppose 2*j + 18 = 5*w, 3*j + 2*w = -2*w + 19. Determine a(j).
-2
Let q(m) = -m - 10. Suppose 2*n = -4*g - 28, 2*n + 2 = -g - 2. What is q(g)?
-2
Let d(n) be the third derivative of -n**6/720 + n**4/12 - 2*n**2. Let s(u) be the second derivative of d(u). What is s(-2)?
2
Let o be (-3)/(-12) + (-17)/4. Let t(q) = -4*q**2 - 8*q + 3*q**2 + 5*q - 3*q - 6. Give t(o).
2
Let w(h) = -5*h - 9. Let j(x) = -14*x - 26. Let m(c) = -3*j(c) + 8*w(c). Let r be (3 + 0)/((-6)/8). Calculate m(r).
-2
Let j = 4 - 3. Let s(i) = j + 3 - 3 + 2*i**2. Suppose 4 = 5*c - 1. Give s(c).
3
Let m(k) = -k**3 - 10*k**2 + 10*k - 12. Let d be m(-11). Let c(y) = -y. Let s(j) = -j. Let t(r) = -2*c(r) + 3*s(r). Calculate t(d).
1
Let m(u) = u**2 - 4*u - 4. Let b = -66 + 71. Determine m(b).
1
Suppose 0 = -5*d + 3 - 8. Let u(x) be the second derivative of -x**4/12 - x**3/6 - x. What is u(d)?
0
Let c be ((-32)/12 + 3)*0. Let b(t) = t**3 + t + 3. Give b(c).
3
Suppose 0 = -5*c - 0*c, 5*i - 5*c = -30. Let n(g) = -g**2 - 7*g + 3. What is n(i)?
9
Suppose -3*s = -5*s - 6. Let w(l) be the third derivative of 0 + 1/2*l**3 + 0*l - l**2 - 1/30*l**5 - 1/12*l**4. Determine w(s).
-9
Let y(g) = 8*g**2 + g - 19 - 16*g**2 + 7*g**2. What is y(0)?
-19
Let p(u) = -1 + 15*u**2 + 14*u**2 + 6*u**2 - 33*u**2 - 5*u. What is p(4)?
11
Let k(q) = 17*q**3 - q**2 + q. Let r = 64 - 63. What is k(r)?
17
Let u(z) = -z - 4. Let d(m) = 2*m + 9. Let x(t) = 2*d(t) + 5*u(t). Let w be 2 - 1/(2/(-4)). Suppose 4*a = -r + w, 0 = 3*a - a - 4*r - 20. Determine x(a).
-4
Let f be (6/10)/(3 - (-42)/(-15)). Let m(u) = -2*u**2 + 6*u**2 - 3*u**2 - u. Calculate m(f).
6
Let u(f) = f**2 + f + 2. Let i(o) = o - 4. Let n be i(4). Suppose -c - 4*c = n. What is u(c)?
2
Let w = -14 + 14. Suppose -h - 1 + 5 = w. Let d(k) be the second derivative of -k**4/12 + 4*k**3/3 - 3*k**2 + k. Calculate d(h).
10
Suppose -3*w = 2*w + 15. Let v be -1 + w/(3/(-2)). Let t(o) be the first derivative of 9*o**4/4 - o + 1. What is t(v)?
8
Let c(x) = 4*x + x**3 - x + 111*x**2 - 116*x**2. Let d(h) = h. Let s be d(4). What is c(s)?
-4
Let h = -3 - -9. Let k(i) = 3*i - 8. Give k(h).
10
Let l(m) = 5*m**2 - 4*m + 8. Let g(w) = 2*w**2 - w + 3. Let a(x) = 8*g(x) - 3*l(x). Calculate a(-3).
-3
Let x be (1 + 3/(-2))*-16. Let g(u) = 6*u + 6*u + 6 - 4*u - x*u**2. Let q(s) = 7*s**2 - 7*s - 5. Let f(l) = 6*g(l) + 7*q(l). Give f(1).
1
Suppose -2*j + 5 = -3*j. Let o(g) = g**3 + 4*g**2 - 8*g - 4. Determine o(j).
11
Suppose 10 = -0*v + 2*v - 3*h, 4*h = 3*v - 14. Let p be (-6)/(-4) + 1/v. Let s be (3/(-2))/(p/4). Let y(o) = -o - 2. Calculate y(s).
1
Let q(c) = -1. Let j(t) = -t**2 + 4*t - 7. Let g(w) = -j(w) + 3*q(w). Determine g(3).
1
Let n(q) = -q - 7. Let k(f) = -4*f + 7. Let o be k(3). Calculate n(o).
-2
Let n = 27 + -32. Let t(r) = -r**3 - 5*r**2 - r - 1. Determine t(n).
4
Let h(w) = -3*w. Let y(i) = -2*i. Let c(a) = -5*h(a) + 8*y(a). Suppose 8*s = 4*s. Calculate c(s).
0
Let g(a) = 1. Let l(c) = -c - 8. Let n(q) = -5*g(q) + l(q). What is n(0)?
-13
Let q(n) = -n**2. Suppose 1 = -2*u + 3. Let a(b) be the first derivative of -2*b**3 - b**2 + b - 27. Let c(k) = u*a(k) - 3*q(k). Determine c(1).
-4
Let r(n) = -1 - 7*n + 12*n - 8*n. Determine r(-3).
8
Let n(l) = 2*l + 2. Let v(z) = -z**3 + 5*z**2 + 5*z + 8. Let w be v(6). Give n(w).
6
Let m(g) be the first derivative of -2*g**3 + g**2/2 + g + 12. Give m(-1).
-6
Suppose -2 = u + t - 3*t, -3*u = 2*t + 6. Let m = 1 + -2. Let r = m - u. Let b(y) = -y - 1. Give b(r).
-2
Let d(h) = h**2 - 7*h + 2. Suppose -11*g + 14 + 52 = 0. Calculate d(g).
-4
Let n(i) = i**2 - 7*i + 7. Suppose 5*b - 4*w - 45 = 0, 6*b = b - 3*w + 10. Calculate n(b).
-3
Let l(o) = 6*o - 3. Let j(i) be the third derivative of 5*i**4/24 - 2*i**3/3 + 2*i**2. Let r(x) = -7*j(x) + 6*l(x). What is r(-5)?
5
Let l(v) = -6*v - 2. Let t(c) = 3 - 5 - 4*c - 3*c. Let g(p) = 6*l(p) - 5*t(p). Give g(6).
-8
Let h(g) = -g**2 + 4. Suppose -4*d - 3 = 17. Calculate h(d).
-21
Let j(v) = -3*v + 28. Let p be j(11). Let q(g) = -g**2 - 11*g - 7. Determine q(p).
23
Let h = -2 + 0. Let m(l) = 2*l**2 + 16*l + 2. Let b(i) = -i. Let s(f) = -12*b(f) - m(f). Give s(h).
-2
Let f(h) be the first derivative of h**7/840 + h**6/180 + h**5/120 + h**4/12 + 7*h**3/3 - 6. Let r(y) be the third derivative of f(y). Give r(-2).
0
Let g = 3 + 1. Suppose -12 = 2*o - 6*o. Let k(a) = 5*a -